110 - -10) - 15.
64
What is the value of -41 - ((3 - 5) + -23 + 9 + 1 + 5)?
-31
Calculate -44 - (-90 - (-45 - -37)).
38
Calculate (1023 - 1086) + 4 + -5.
-64
Evaluate -12 + (60 - ((199 - 206) + 1 + -10)) + 4.
68
What is the value of 10 - (10 + -6 - 50)?
56
Calculate 2 + 3 - ((-30 - -88) + (-4 - (3 - 2))).
-48
What is the value of -139 - (-178 + 45) - (0 + 2 - 1)?
-7
What is 2 + -1 - (-1123 + 1167)?
-43
Evaluate 4 + (26 - 13) - (-1 - (-94 + 8)).
-68
What is the value of 8 + 2 + (59 - (-4 - -34)) + -27?
12
What is 31 - (12 + -16 + 14 + -3)?
24
What is the value of -55 + 3 - (-27 + 9 + 7)?
-41
What is the value of (0 - 1 - 2 - 30) + -33 + (10 - -25)?
-31
-18 + -15 + -7 + 18
-22
What is the value of 109 + -2 + -16 + -88?
3
What is -7 - (-20 + 1 + 8 + (-20 - -28)) - 47?
-51
What is the value of 10 - (-17 - 3 - -19) - -2?
13
What is (43 - (42 - 25)) + (-20 - 81)?
-75
What is the value of (-127 - 1) + 2828 + -2754?
-54
What is -20 + 8 + 7 + -9 + (7 - 6) - 49?
-62
What is the value of 74 + -68 - (-12 + 2) - 23?
-7
What is -42 + 45 - (-46 + -5 + 6)?
48
Evaluate (0 - 3 - -12) + 24 + -35 + 44.
42
What is the value of 4 - ((-8 - -5) + 24 + -28 - -8)?
3
What is -21 - 1 - (-12 - (-68 - -66))?
-12
Evaluate -6 - (19 + -32 + 20) - (5 + 35).
-53
What is the value of 7361 + -7321 - (-1 - (-1 + 1) - -19)?
22
-4 + 3 + 13 + 18 - (129 - 117)
18
-4 + -1 + 34 + (-47 + 23 - -11)
16
What is -36 - (-121 + (4 + -2 - -26))?
57
What is 1 + 8 - (13 + -43 - (-38 + 4))?
5
Evaluate (21 - -53) + (-31 - -12).
55
Evaluate -8 + 14 + (-100 - -114) + 5 + -1.
24
What is 50 - 66 - (2 - (-17 - 3))?
-38
Calculate (724 - 713) + (-14 - 2 - (4 - 7 - -1)).
-3
(52 - 1) + (-141 - -149 - (1 - -13) - -3)
48
Evaluate (-55 - (12 - (49 + -14))) + 25.
-7
What is (-2 - (-15 - (10 - 19)) - -3) + (-44 - 22)?
-59
Calculate (-15 - (14 - 29)) + (40 - 49).
-9
Calculate -80 + 17 + (-20 - -14) + 11 + -11.
-69
307 - 328 - (1 + 12 + -1)
-33
Evaluate -37 - ((-28 - -22) + 0 - -13).
-44
(-1 + 0 - -2) + (72 - 58) + -23 - -21
13
Calculate 5228 + -5238 + (6 + -1 - -1).
-4
Calculate (1 - (-27 - (-17 - -8))) + -57 - 14.
-52
14 - (11 - 0) - ((-43 - -13) + 7)
26
What is the value of (25 - -13 - 13) + -3 + 6 + -43?
-15
64 + (5 - 60) + (-6 - 2) - 76
-75
Calculate 68 + (42 - 81) + -27 + 6.
8
What is -3 + (1 - -10) + (57 - 25) + -52 + -11?
-23
What is 41 - (-56 + -2 - -76)?
23
What is (5 - (-1 - -7) - (24 - 35)) + -11?
-1
Evaluate -2 + -1 - (0 + -34) - ((-29 - 1) + 25).
36
Evaluate -119 + 109 + -35 + (-4 - (7 - 9)) + -1.
-48
What is the value of 0 + 18 - (15 + -14 + 16 - -12)?
-11
-148 + 71 - -29 - -48
0
What is the value of 0 + -32 + -30 + 30 + 13 + -2?
-21
What is the value of -1 + -11 - (-66 + (-2 - 3) + 7 + -6)?
58
What is (17 - (29 + 17) - -11) + 8 + 1?
-9
What is the value of -62 + 4 + (10 - (1 - -11 - (11 - 4)))?
-53
What is the value of -14 - (5 + (-7 - -22 - 14 - 24))?
4
-21 - (9 - (-62 + (-14 - (-20 - 0))))
-86
Evaluate 69 - (-30 + (-30 - -11 - -57)).
61
Calculate (16 - (-13 - -28) - -2) + -10.
-7
(-39 - (111 - 58)) + 38
-54
What is the value of 194 - (26 - -41) - 73?
54
What is the value of -7 + 31 + (-19 - -14) + -7?
12
Evaluate -14 + 1 + -425 + 431 - (-77 - -3).
67
What is the value of (628 - 558) + -16 + -4 + -2?
48
Evaluate 19 + -66 + (61 - 47).
-33
Calculate 4 + (-41 - -16) - ((-4 - 1) + 0).
-16
What is (7 - 1) + 15 + (32 + -5 - -5)?
53
(-21 - (-37 + -3)) + (5 - (9 + 10 + -11))
16
What is the value of -131 + (113 + -206 - -104)?
-120
What is (221 - 223 - (106 - -4) - -12) + -2 + 0?
-102
Evaluate (1 - 1 - -14 - 70) + -2.
-58
(9 - -1) + (2 - (-2 + 4)) + -2 - -26
34
2 + (11 + (1 - 2) - 3) + (-100 - 2)
-93
Calculate -26 + -5 - (-13 + 5 + 16 + -12).
-27
What is -2 + 130 - (-246 - -151 - -94)?
129
Calculate -15 + -20 + 71 + -25 + 72.
83
Evaluate (152 - 151) + (3 + -22 - 7).
-25
What is 17 - ((-1 - 0) + 2) - (275 + -261 + -23)?
25
What is the value of (-4 - 1 - (51 - 3)) + 30 + -33?
-56
What is the value of -34 - 81 - (-1 + (8 - (4 - 7)))?
-125
-2 - -14 - -13 - 4 - 5
16
Calculate (31 - (-148 + 38)) + -79.
62
What is the value of (-6 + 10 - -6) + -6 + 26 + -63?
-33
What is 6 - (34 + -31) - -19?
22
What is 10 + 16 + (-123 - -130 - (46 + -1))?
-12
What is -63 + 136 - 58 - (41 - 0)?
-26
Calculate (-1 + 5 - 15 - (-73 + 74)) + -3.
-15
(17 - 6) + -88 + 7
-70
What is the value of 2 + (178 - 175 - (-43 - 0) - (-3 + 3))?
48
Evaluate -8 - (-12 - (-2 + 5 + -2 + 79 + -71)).
13
Calculate -56 - -44 - (-9 - (7 - -3)) - 101.
-94
-6 + -1 + 0 - (325 + -329) - (-9 - 29)
35
Calculate -2 - (81 - (-1 - -16 - -19 - 13)).
-62
Evaluate (11 + 3 - 2) + -20 + (-1 - 3) + 18.
6
0 + -3 + -57 + 178 + -115
3
What is 4 + -10 - (-30 - (51 + -67))?
8
What is the value of (-6 - 36) + (3 - 8) + -72 + 89?
-30
What is -2 + (-66 + 40 - -8)?
-20
What is -1 - (31 - (-4 + 4)) - (-11 + 5)?
-26
What is the value of (2 + 0 - (7 + -12)) + (16 - 39) + 32?
16
-24 + (-12 - (2 + -16 - (-3 - -5 - -7)))
-13
11 + 14 + -7 - (1662 + -1597)
-47
What is the value of (21 - 23) + 83 + -73?
8
Evaluate -90 - (-5 - (47 - -32)).
-6
What is (13 - -11) + 15 + 15 - 9?
45
Calculate 656 - 648 - (-53 - 0).
61
What is the value of 9563 - 9522 - (1 + -51)?
91
What is 3 - (9 + -3) - (-4 - 2 - 0 - -9)?
-6
What is the value of -58 + 54 - (-20 + 31 + 32)?
-47
-835 - -846 - (82 - 0)
-71
-14 + 0 + -230 + 260 - 17
-1
What is the value of (-137 - -45 - -38) + 31 + (1 - -67)?
45
Evaluate (-98 - -84) + 3 + 1.
-10
What is -11 - (-3 - 2) - (-5 + -35 - (-3 + -3))?
28
Evaluate -14 + 17 + (-23 - -15) + (1 - 0) + -39.
-43
Evaluate 59 + (-103 - -165) - 222.
-101
What is -34 - 1 - (254 + -269)?
-20
What is 77 - (-1 + (2 - 10 - (-33 + 18 + 3)))?
74
Evaluate (48 - 27 - -38) + 91 + -83.
67
What is 67 + -72 - (3 + 0) - (-21 - -9) - 95?
-91
What is the value of (-1 - 1 - 3 - (4103 + -4120)) + (1 - 36)?
-23
87 - 68 - 56 - (1 - -1)
-39
Evaluate -37 - (18 - 16) - -38.
-1
What is the value of (-2 - -11) + 12 + 2 + -8 - 13?
2
Calculate (49 - (-17 + 41)) + -28 - ((2 - 2) + -60).
57
Calculate -15 - (-19 + 8) - ((-16 - -2) + (-5 - 2)).
17
Evaluate -60 - (27 + -31 + -27 + -2).
-27
Evaluate 36 - (4 + (-5 - 2 - 3 - -12) + -8).
38
5 + 0 + -10 + (-97 - -41) + 1 + 17
-43
-5 + -35 + (39 - (37 + 17))
-55
Calculate -90 + (-21 - (-12 - 48)).
-51
Evaluate 26 - (50 - 44) - (-21 - 1).
42
Calculate -110 - -44 - (-100 - 35).
69
What is the value of 3 - 15 - (-13 + 13 - (-1 - -8))?
-5
What is the value of (-12 - -12) + 23 + (-23 - -11 - 1)?
10
Calculate 22 + 13 + -66 + 0.
-31
Evaluate 45 + -58 - (3 + (14 - 23 - (3 + 0))).
-4
Evaluate 4 + -10 + (-15 - -7 - -6 - (37 + 10)).
-55
Calculate -8 + 10 - (-4 + (15 - ((-3 - 0) + 1))).
-11
Evaluate (-16 + 20 + -9 - -10 - (4 + 1)) + 89.
89
Calculate -4 - (55 + -30) - (4 + -14).
-19
Evaluate (2 + -63 - -1) + -6 + -10 + 3 + 18.
-55
Calculate 94 - (-7 + 44 - -64).
-7
What is the value of -3 - 5 - ((-3 - (-7 - 8)) + -23 + 20)?
-17
Evaluate -14 + -74 + 36 + 59.
7
What is the value of (1 - -37 - 4) + (20 - (67 - 40))?
27
-35209 - -35094 - (-1 + 0 - (-1 + 2))
-113
What is the value of (-20 - (-3 + 18)) + 21 - 25?
-39
Evaluate (-11 - (0 + 2)) + (453 - 468).
-28
Calculate (89 - -3) + (-18 - -23) - 4 - 10.
83
What is -23 + (39 - 21) - (2 + -17 - -5)?
5
What is the value of 194 + -212 + (8 - -23)?
13
What is the value of (-15 - (-66 - -17)) + 7 + -153?
-112
Evaluate 13 - ((9 - -6) + -6 + 2 - 42).
44
-7 - 2 - ((-8 - -26) + -39)
12
What is -1 + -3 - (22 - -3 - (-4 - (-54 - -24)))?
-3
What is (8 - 0) + ((86 - 105) + 39 + -1 - -7)?
34
What is the value of (15 - (-11 + 8)) + (-2 - (84 + 23))?
-91
Calculate -39 - -134 - (-2 - (4 - 6 - -11) - -20).
86
Evaluate -2 - (0 - 0) - 0 - (16 - (85 - 8)).
59
What is (-37 + 16 - -62) + 19 - 20?
40
What is (-8 - (1 - 8) - 3) + (-6 - -5)?
-5
Evaluate -204 + 135 + 5 + -8.
-72
What is the value of 1 + 34 + -35 - (-2 - (44 + 2 + -6))?
42
What is 34 + (2 - 15 - (1 + (-19 - (4 - 10))))?
33
Evaluate 64 - (51 + 15) - (40 - -1).
-43
Evaluate -106 + 110 + (2 - -3) + -7 + -2.
0
What is the value of -13 + (-1 - (-31 + 23)) + (1 + 1 - -81)?
77
What is the value of (9 - (5 + 21) - -15) + (-23 - 0)?
-25
Calculate 56 + -67 + 17 + -45.
-39
What is (-27 - -4 - 34) + (-1 - 5 - (13 - 11))?
-65
Evaluate 67 - (28 + -19 + 12 + -16).
62
What is -38 + (-21 - (20 + -90))?
11
Evaluate 1187 + -111